{"id":2958,"date":"2019-10-09T19:26:25","date_gmt":"2019-10-10T01:26:25","guid":{"rendered":"https:\/\/bct.facmed.unam.mx\/?page_id=2958"},"modified":"2019-10-09T19:29:22","modified_gmt":"2019-10-10T01:29:22","slug":"videos","status":"publish","type":"page","link":"https:\/\/bct.facmed.unam.mx\/index.php\/videos\/","title":{"rendered":"Videos"},"content":{"rendered":"<p>[et_pb_section fb_built=\u00bb1&#8243; fullwidth=\u00bbon\u00bb _builder_version=\u00bb3.22.7&#8243;][et_pb_fullwidth_header text_orientation=\u00bbcenter\u00bb title_font_size=\u00bb41px\u00bb title_letter_spacing=\u00bb5px\u00bb content_font_size=\u00bb16px\u00bb content_letter_spacing=\u00bb1px\u00bb title=\u00bbVideos de apoyo\u00bb _builder_version=\u00bb3.22.7&#8243; title_font=\u00bb|700||||on|||\u00bb title_text_align=\u00bbcenter\u00bb content_font=\u00bbABeeZee|600|||||||\u00bb custom_padding=\u00bb0px||0px|||\u00bb custom_margin=\u00bb||||false\u00bb]<\/p>\n<p>En esta p\u00e1gina encontrar\u00e1s videos de apoyo educativo para los temas relacionados con la materia de Biolog\u00eda Celular e Histolog\u00eda M\u00e9dica, as\u00ed como temas afines, los cuales han sido elaborados por integrantes de nuestro Departamento.<\/p>\n<p>[\/et_pb_fullwidth_header][\/et_pb_section][et_pb_section fb_built=\u00bb1&#8243; _builder_version=\u00bb3.22.7&#8243; custom_padding=\u00bb4px||42px|||\u00bb][et_pb_row _builder_version=\u00bb3.22.7&#8243;][et_pb_column type=\u00bb1_2&#8243; _builder_version=\u00bb3.22.7&#8243;][et_pb_text _builder_version=\u00bb3.22.7&#8243; text_font=\u00bb||||||||\u00bb]<\/p>\n<blockquote>\n<h1><span style=\"color: #800000;\"><strong>Histoflicks<\/strong><\/span><\/h1>\n<\/blockquote>\n<p>[\/et_pb_text][et_pb_text _builder_version=\u00bb3.22.7&#8243; text_font=\u00bb||||||||\u00bb custom_margin=\u00bb-17px|||||\u00bb]<\/p>\n<p><strong>Histoflicks<\/strong>\u00a0son una serie de c\u00e1psulas educativas creadas por profesores del <em>Departamento de Biolog\u00eda Celular y Tisular<\/em>, para apoyar a los alumnos del primer a\u00f1o de la carrera de <em>M\u00e9dico Cirujano<\/em> de la <em>Facultad de Medicina<\/em>, en el reforzamiento del aprendizaje de los <strong>puntos m\u00e1s esenciales<\/strong> de cada uno de los temas contemplados en nuestro programa.\u00a0<\/p>\n<p>[\/et_pb_text][et_pb_button url_new_window=\u00bbon\u00bb custom_button=\u00bbon\u00bb button_text_size=\u00bb20px\u00bb button_text_color=\u00bb#ffffff\u00bb button_bg_color=\u00bb#00b2a3&#8243; button_border_width=\u00bb21px\u00bb button_border_color=\u00bb#00b2a3&#8243; button_letter_spacing=\u00bb0px\u00bb button_icon=\u00bb%%40%%\u00bb button_icon_color=\u00bb#edf000&#8243; button_icon_placement=\u00bbleft\u00bb button_text=\u00bbIr al canal de YouTube\u00bb _builder_version=\u00bb3.22.7&#8243; button_alignment=\u00bbcenter\u00bb button_font=\u00bb||||||||\u00bb button_url=\u00bbhttps:\/\/www.youtube.com\/channel\/UCzvy0n6utM4fTVakdTT9adg\/featured\u00bb][\/et_pb_button][\/et_pb_column][et_pb_column type=\u00bb1_2&#8243; _builder_version=\u00bb3.22.7&#8243;][et_pb_text _builder_version=\u00bb3.22.7&#8243; text_font=\u00bb||||||||\u00bb custom_padding=\u00bb0px|||||\u00bb]<\/p>\n<blockquote>\n<h1><span style=\"color: #339966;\"><strong>Videos de Inmunolog\u00eda<\/strong><\/span><\/h1>\n<\/blockquote>\n<p>[\/et_pb_text][et_pb_text _builder_version=\u00bb3.22.7&#8243; text_font=\u00bb||||||||\u00bb custom_margin=\u00bb-17px|||||\u00bb]<\/p>\n<p>\u00a0Los<b> videos de inmunolog\u00eda\u00a0<\/b>son un recurso dise\u00f1ado por los doctores\u00a0<strong>Erika Patricia Rend\u00f3n Huerta<\/strong>\u00a0y\u00a0<strong>Luis Felipe Monta\u00f1o Estrada<\/strong>, quienes se encuentran al frente del <em>Laboratorio de Inmunobiolog\u00eda<\/em> de nuestro Departamento, y fueron creados\u00a0con la intenci\u00f3n de facilitar la mejor comprensi\u00f3n de los procesos b\u00e1sicos de la respuesta inmunol\u00f3gica.<\/p>\n<p>[\/et_pb_text][et_pb_button url_new_window=\u00bbon\u00bb custom_button=\u00bbon\u00bb button_text_size=\u00bb17px\u00bb button_text_color=\u00bb#ffffff\u00bb button_bg_color=\u00bb#00b2a3&#8243; button_border_width=\u00bb0px\u00bb button_border_color=\u00bb#0054e5&#8243; button_letter_spacing=\u00bb0px\u00bb button_icon=\u00bb%%40%%\u00bb button_icon_color=\u00bb#edf000&#8243; button_icon_placement=\u00bbleft\u00bb button_text=\u00bbActivaci\u00f3n de la respuesta inflamatoria\u00bb _builder_version=\u00bb3.22.7&#8243; button_alignment=\u00bbcenter\u00bb button_font=\u00bb||||||||\u00bb button_url=\u00bbhttps:\/\/www.youtube.com\/watch?v=rPML8Xks-iA&#038;feature=youtu.be\u00bb][\/et_pb_button][et_pb_button url_new_window=\u00bbon\u00bb custom_button=\u00bbon\u00bb button_text_size=\u00bb17px\u00bb button_text_color=\u00bb#ffffff\u00bb button_bg_color=\u00bb#00b2a3&#8243; button_border_width=\u00bb0px\u00bb button_border_color=\u00bb#0054e5&#8243; button_letter_spacing=\u00bb0px\u00bb button_icon=\u00bb%%40%%\u00bb button_icon_color=\u00bb#edf000&#8243; button_icon_placement=\u00bbleft\u00bb button_text=\u00bbMediadores solubles de la inflamaci\u00f3n\u00bb _builder_version=\u00bb3.22.7&#8243; button_alignment=\u00bbcenter\u00bb button_font=\u00bb||||||||\u00bb button_url=\u00bbhttps:\/\/www.youtube.com\/watch?v=HpnH1-VPSeU&#038;feature=youtu.be\u00bb][\/et_pb_button][et_pb_button url_new_window=\u00bbon\u00bb custom_button=\u00bbon\u00bb button_text_size=\u00bb17px\u00bb button_text_color=\u00bb#ffffff\u00bb button_bg_color=\u00bb#00b2a3&#8243; button_border_width=\u00bb0px\u00bb button_border_color=\u00bb#0054e5&#8243; button_letter_spacing=\u00bb0px\u00bb button_icon=\u00bb%%40%%\u00bb button_icon_color=\u00bb#edf000&#8243; button_icon_placement=\u00bbleft\u00bb button_text=\u00bbSistemas del complemento\u00bb _builder_version=\u00bb3.22.7&#8243; button_alignment=\u00bbcenter\u00bb button_font=\u00bb||||||||\u00bb button_url=\u00bbhttps:\/\/www.youtube.com\/watch?v=B04JMOjcGhU&#038;feature=youtu.be\u00bb][\/et_pb_button][et_pb_button url_new_window=\u00bbon\u00bb custom_button=\u00bbon\u00bb button_text_size=\u00bb17px\u00bb button_text_color=\u00bb#ffffff\u00bb button_bg_color=\u00bb#00b2a3&#8243; button_border_width=\u00bb0px\u00bb button_border_color=\u00bb#0054e5&#8243; button_letter_spacing=\u00bb0px\u00bb button_icon=\u00bb%%40%%\u00bb button_icon_color=\u00bb#edf000&#8243; button_icon_placement=\u00bbleft\u00bb button_text=\u00bbActivaci\u00f3n de linfocitos T y B\u00bb _builder_version=\u00bb3.22.7&#8243; button_alignment=\u00bbcenter\u00bb button_font=\u00bb||||||||\u00bb button_url=\u00bbhttps:\/\/www.youtube.com\/watch?v=kBtzQMfI51k&#038;feature=youtu.be\u00bb][\/et_pb_button][\/et_pb_column][\/et_pb_row][\/et_pb_section]<\/p>\n","protected":false},"excerpt":{"rendered":"<p>En esta p\u00e1gina encontrar\u00e1s videos de apoyo educativo para los temas relacionados con la materia de Biolog\u00eda Celular e Histolog\u00eda M\u00e9dica, as\u00ed como temas afines, los cuales han sido elaborados por integrantes de nuestro Departamento. Histoflicks Histoflicks\u00a0son una serie de c\u00e1psulas educativas creadas por profesores del Departamento de Biolog\u00eda Celular y Tisular, para apoyar a [&hellip;]<\/p>\n","protected":false},"author":6,"featured_media":0,"parent":0,"menu_order":0,"comment_status":"closed","ping_status":"closed","template":"","meta":{"_et_pb_use_builder":"on","_et_pb_old_content":"","_et_gb_content_width":"","jetpack_post_was_ever_published":false,"footnotes":""},"class_list":["post-2958","page","type-page","status-publish","hentry"],"jetpack_sharing_enabled":true,"jetpack_shortlink":"https:\/\/wp.me\/PaS2sz-LI","_links":{"self":[{"href":"https:\/\/bct.facmed.unam.mx\/index.php\/wp-json\/wp\/v2\/pages\/2958","targetHints":{"allow":["GET"]}}],"collection":[{"href":"https:\/\/bct.facmed.unam.mx\/index.php\/wp-json\/wp\/v2\/pages"}],"about":[{"href":"https:\/\/bct.facmed.unam.mx\/index.php\/wp-json\/wp\/v2\/types\/page"}],"author":[{"embeddable":true,"href":"https:\/\/bct.facmed.unam.mx\/index.php\/wp-json\/wp\/v2\/users\/6"}],"replies":[{"embeddable":true,"href":"https:\/\/bct.facmed.unam.mx\/index.php\/wp-json\/wp\/v2\/comments?post=2958"}],"version-history":[{"count":3,"href":"https:\/\/bct.facmed.unam.mx\/index.php\/wp-json\/wp\/v2\/pages\/2958\/revisions"}],"predecessor-version":[{"id":2963,"href":"https:\/\/bct.facmed.unam.mx\/index.php\/wp-json\/wp\/v2\/pages\/2958\/revisions\/2963"}],"wp:attachment":[{"href":"https:\/\/bct.facmed.unam.mx\/index.php\/wp-json\/wp\/v2\/media?parent=2958"}],"curies":[{"name":"wp","href":"https:\/\/api.w.org\/{rel}","templated":true}]}}